(-25)/(-2)?
3
Let z be 924/5 + 12/60. Let l = z - 128. What is the units digit of l?
7
What is the units digit of (-16140)/(-130) - (2 + (-48)/26)?
4
Let s = 8 + 3. What is the tens digit of s?
1
Let i = 10 + -5. Let t(d) = d**3 - 3*d**2 - 5*d - 5. What is the units digit of t(i)?
0
Let l be 2 + 5*(1 + -2). Let n = l + 7. Suppose 3*g = 2*v - n, 0 = -3*v - 2*v + 4*g + 10. What is the units digit of v?
2
Let b be (-2 - -4 - -6) + -2. Let y be (-2)/(-3) - 34/b. Let o = y - -10. What is the units digit of o?
5
Suppose 2*a = 7*a. Suppose a = i - 3 + 5. What is the units digit of (-1)/(-3) - i/3?
1
Suppose 0 = -4*k - 7 + 3. What is the units digit of -2 + ((-1)/k - -4)?
3
Suppose 24 = 3*c - 21. What is the tens digit of c?
1
Let v be -1 + -2 + (-18)/(-3). Suppose -v*f + 180 = -0*f. What is the units digit of 6/5*f/9?
8
Let b = -9 + 37. What is the tens digit of b?
2
Let u be -5*3/(3 + -2). Let h be (u/(-2))/((-15)/20). What is the units digit of (h/(-3))/((-3)/(-9))?
0
Let o be 9/2 - 2/4. Let c(q) = q**2 - 2*q - 5. Let d be c(o). Suppose 13 - 34 = -d*n. What is the units digit of n?
7
Let u = 79 - 38. What is the units digit of u?
1
Let i be 2/(-7) + 150/(-14). Let t = i - -26. What is the units digit of t?
5
Suppose -c = -2*g + 153, c + 2*c - 66 = -g. What is the tens digit of g?
7
What is the units digit of 2/5 + (-78)/(-5)?
6
Let r = -4 + 4. Suppose r = -d + 6*d - 330. Suppose 3*i = 5*b + d, 0*i - 5*i + 88 = -b. What is the units digit of i?
7
What is the tens digit of (4 + -4)/(-1) + 31?
3
Suppose -13 - 5 = -3*f. Let p(u) = 2 - 5*u - 7*u**2 + 2*u**2 - u + u**3. What is the units digit of p(f)?
2
Suppose -c + 5*c = 16. Suppose 0 = 5*y, 0 = -c*g - 5*y + 1 + 23. What is the units digit of g?
6
Let y(g) = -7*g + 1. Let x = 11 - 13. What is the tens digit of y(x)?
1
Let w be -1 - (4 - 2)*1. Let h be 5/(-15) - 16/w. Suppose h*i + 23 = 68. What is the units digit of i?
9
Let i(p) = 2*p**2 + 4*p - 4. Let m be i(-4). Let r be m/14*28/4. Suppose 0 = r*l - 4*l - 2. What is the units digit of l?
1
Suppose 4*f + 5*h = 937, 5*f + 3*h = 844 + 311. What is the units digit of f?
8
Let m(r) = -r**2 - r. Let v be m(1). Let s be (-1)/(-4) + (-66)/8. What is the units digit of s/(1/2*v)?
8
Let w(i) = i**3 + 8*i**2 + i + 11. Let s be w(-8). Suppose -s*l - 2 = -14. What is the units digit of l?
4
Let h(j) = -j**2 + 5*j - 4. Let a = -3 + 6. What is the units digit of h(a)?
2
Let q(h) = h + 7. Let f be q(-6). What is the tens digit of ((-6)/8)/(f/(-28))?
2
Let p(u) = u**3 - 4*u**2 + 4*u - 1. Let c be p(3). Suppose j = 5*a - 15, -2*a - c*j = -0*a + 6. Suppose 3*f - 30 = -a*f. What is the units digit of f?
6
Let s be (9/2)/((-4)/(-40)). Suppose -2*z - 3*z = -s. What is the units digit of z?
9
Suppose 0 = -3*z + 23 + 52. What is the tens digit of z?
2
Let v(f) = -f**3 + 4*f**2 + 7*f + 2. Let b be v(5). Suppose -y = 3*y. Let q = b + y. What is the units digit of q?
2
Let g = -37 + 123. What is the tens digit of g?
8
Let g = -18 - -71. Suppose -4*y + g = -27. What is the units digit of y?
0
Let t be 2/(1/(-1) - -3). Let k = -4 + 4. What is the units digit of (k - -1) + (t - -4)?
6
Let c = -19 - -42. Suppose 2*z + 41 = 3*p, 6*z - c = -p + 2*z. What is the units digit of p?
5
Let g(i) = 2*i**3 - 6*i**2 - 6*i + 1. What is the tens digit of g(5)?
7
Suppose -193 + 37 = -12*z. What is the tens digit of z?
1
Let p(m) = 9*m**2 + 8*m - 8. Let h(b) = -22*b**2 - 20*b + 20. Let l(n) = -5*h(n) - 12*p(n). Suppose -22 = 5*o - 2. What is the units digit of l(o)?
2
Let c be -3*(1/3 + -2). Suppose 0 = g - 3 - c. What is the units digit of g?
8
Let z(v) = -3*v - 7. What is the units digit of z(-28)?
7
Let p(g) = -g**2 - 9*g - 4. Suppose 2 = 5*t + 22. What is the units digit of p(t)?
6
Let g = -9 - -14. Suppose 0*r - 85 = -g*r. What is the units digit of r?
7
What is the units digit of 7/3 + -3 - 258/(-9)?
8
Let x(p) = p**3 + 6*p**2 - 8*p + 1. Suppose 4*w + n = -n - 82, 0 = -2*w - 3*n - 51. Let h = w + 11. What is the units digit of x(h)?
8
Let y(i) = 5*i**2 - 6*i - 4*i**2 + 5 - 5*i - 1. Let v be y(9). What is the units digit of (-26)/(-7) + (-4)/v?
4
Let w(x) = 2*x**2 + 5*x + 1. Let h be (-16)/(-8)*(-6)/(-4). Suppose 0 = -h*s, 2*a = -3*a + 2*s - 20. What is the units digit of w(a)?
3
Suppose 5*j + 0*j - 18 = 3*r, -2*r + 13 = 5*j. Suppose 4*a = j*a - 22. Let z = -14 - a. What is the units digit of z?
8
Let m(r) = r**2 - 2*r - 2. Let t be m(6). Suppose -2*f + 24 = -t. What is the tens digit of f?
2
Suppose 13 = -5*p - 17. Let o be -1*1 + p + 40. Suppose 0*r = 3*r - o. What is the tens digit of r?
1
Suppose 0 = 2*j - 4*l - 4, 32 = 5*j + 6*l - 5*l. What is the units digit of j?
6
Suppose 2*l - l + 2*j + 1 = 0, -j = l + 2. Let p = l - -11. Let q = -2 + p. What is the units digit of q?
6
Suppose 4*o + 0 - 32 = 0. Suppose 2*q + 3 = 7. Suppose 3*x = q*x + o. What is the units digit of x?
8
Suppose -q = -5*q + 8. Suppose p + q - 8 = 0. What is the units digit of p?
6
Let h(l) = -62*l + 1. What is the units digit of h(-5)?
1
Suppose -2*r + 15 = -2*s - r, 57 = -5*s - 4*r. Let h = -3 - s. What is the units digit of h?
6
Let t = 36 - 11. What is the tens digit of t?
2
Suppose 15 = 5*r - 0. Let p(m) = -3 - 17*m**3 - 4*m**2 + 12*m**r - 2*m + 6*m**3. What is the units digit of p(5)?
2
Let b be 1/7 - (-27)/7. What is the tens digit of (1/3)/(b/156)?
1
Let z(w) = 3*w + 49. What is the tens digit of z(0)?
4
Suppose -4*x - 15 = x. Let q = -2 + x. Let b = 7 + q. What is the units digit of b?
2
Let t be -2*(2 + (-15)/(-2)). Suppose -2*y - 86 = b - 4*b, 0 = 5*b - 2*y - 142. Let g = b + t. What is the units digit of g?
9
Let n(j) = -j**3 - 16*j**2 + 9*j - 22. What is the units digit of n(-17)?
4
Suppose -5*i - 2*n = -142, 3*n - 8*n + 61 = 2*i. What is the tens digit of i?
2
Let x(f) = -f - 3. Let y be x(-6). Suppose -3*z - 10 = d - 58, -3*z + y*d + 36 = 0. Let o = z + -11. What is the units digit of o?
4
Suppose 4*f = -2*a - 2, 0 = -f + 4*f - 5*a - 31. Let j(p) = p**2 - 3 - 4*p**f - 5*p + 2*p**2 + 2*p**2. What is the units digit of j(6)?
3
Let s = 1 + -10. Let u = s + 13. What is the units digit of u?
4
Let g = 11 - 3. What is the units digit of g?
8
Suppose 1004 = 3*p - 5*f + 250, -4*p - 5*f = -947. What is the tens digit of p?
4
Let o(l) = -5*l**2 + l - 8. Let t(p) = -4*p**2 - 7. Let i(g) = -6*o(g) + 7*t(g). What is the units digit of i(5)?
9
Suppose 8*y - 16 = 4*y. Let q = -26 - -29. Let n = y - q. What is the units digit of n?
1
Let p = -246 - -420. What is the hundreds digit of p?
1
Let m(h) = h**2 - 4*h - 2. Let t(f) = 8 - 3 - 1 + 1 + f. Let i be t(0). What is the units digit of m(i)?
3
Suppose 5*i + 101 - 8 = 3*t, -2*t - 4*i = -40. Let u = -17 + t. What is the units digit of u?
9
Suppose -2*k - 4*z + 102 = 34, 2*z - 118 = -3*k. Let l = k + -30. What is the tens digit of l?
1
Suppose -5*x + 126 = 3*p, 0*p - 4*x = p - 42. What is the units digit of p?
2
What is the tens digit of 1422/27*(4 - 1)?
5
What is the tens digit of 1/((-53)/(-13) + -4)?
1
Let k = -32 + 47. Suppose 0 = 3*n - 6 - k. What is the units digit of n?
7
Let n be (3/2)/((-1)/(-2)). Suppose -n*p = -p - 8. What is the units digit of p?
4
Let d(u) = -u**3 - 3*u**2 + 8*u. What is the units digit of d(-6)?
0
Suppose 2*b + 2 = 2*t - 10, 17 = 4*t + 3*b. Suppose -l = 4*i + 2*l - 41, t*l = 5*i - 25. What is the units digit of i?
8
Let p = -51 + 174. What is the hundreds digit of p?
1
Suppose -4*u = u - 70. Let h = 2 + u. What is the tens digit of h?
1
Let t(o) = 32*o - 45. What is the tens digit of t(7)?
7
Suppose 3*x - 12 = -x. Suppose -x*z + 80 = z. What is the tens digit of z?
2
What is the tens digit of (56/(-21))/(2*(-1)/21)?
2
Suppose f + 6 = -4*d - 2, 15 = 3*f - d. Let v = 14 - f. What is the tens digit of v?
1
Let j(q) = -q + 1. Let y be j(1). Let n = 2 - y. Suppose 0 = 5*c - 22 + n. What is the units digit of c?
4
Let g(d) = -d + 2. Let z be g(2). Let x be 1*(3 + 30/1). Suppose z = a + 2*a - x. What is the tens digit of a?
1
Let i = 209 - -95. What is the units digit of i?
4
What is the tens digit of (-9)/99 - (-5151)/33?
5
Suppose 4 - 14 = -2*h. Let t = h + -8. What is the units digit of (-20)/t + 1/3?
7
Let m(d) = -11*d - 15. What is the units digit of m(-6)?
1
Let h(x) be the first derivative of 10*x**3/3 + 3. What is the tens digit of h(